{"id":1135,"date":"2025-09-11T14:40:00","date_gmt":"2025-09-11T12:40:00","guid":{"rendered":"https:\/\/rincondemarinos.almunecar.fun\/?page_id=1135"},"modified":"2025-09-23T18:28:44","modified_gmt":"2025-09-23T16:28:44","slug":"zasady-rezerwacji","status":"publish","type":"page","link":"https:\/\/rincondemarinos.almunecar.fun\/?page_id=1135","title":{"rendered":"Booking and property polices &#8211; PL"},"content":{"rendered":"\t\t<div data-elementor-type=\"wp-page\" data-elementor-id=\"1135\" class=\"elementor elementor-1135\" data-elementor-post-type=\"page\">\n\t\t\t\t<div class=\"elementor-element elementor-element-db8d526 e-flex e-con-boxed e-con e-parent\" data-id=\"db8d526\" data-element_type=\"container\" data-e-type=\"container\">\n\t\t\t\t\t<div class=\"e-con-inner\">\n\t\t\t\t<div class=\"elementor-element elementor-element-5d977cb elementor-widget elementor-widget-text-editor\" data-id=\"5d977cb\" data-element_type=\"widget\" data-e-type=\"widget\" data-widget_type=\"text-editor.default\">\n\t\t\t\t<div class=\"elementor-widget-container\">\n\t\t\t\t\t\t\t\t\t<p><strong>Zasady rezerwacji<\/strong><\/p><ul><li>Rezerwacj\u0119 mo\u017cna odwo\u0142a\u0107 bezp\u0142atnie w ci\u0105gu 24 godzin od jej dokonania oraz do 3 tygodni przed przyjazdem.<\/li><li>Przy rezerwacji wymagamy podania danych kontaktowych, w tym numeru telefonu a przed zameldowaniem, zgodnie z aktualnymi wymogami hiszpa\u0144skiego prawa, niezb\u0119dne jest przekazanie danych osobowych wszystkich go\u015bci.<\/li><li><strong>Przyjmujemy rezerwacje na pobyty d\u0142ugoterminowe na ponad 28 nocy: prosimy o bezpo\u015bredni kontakt (obowi\u0105zuj\u0105 odr\u0119bne stawki).<br \/><br \/><\/strong><\/li><\/ul><p><strong>Og\u00f3lne zasady pobytu<\/strong><\/p><ul><li>Zameldowanie od 16:00 do 23:30, wymeldowanie do 12:00. Wcze\u015bniejsza godzina przyjazdu lub p\u00f3\u017aniejsze wymeldowanie s\u0105 mo\u017cliwe po uzgodnieniu.<\/li><li>Klucze przeka\u017ce go\u015bciom osoba z obs\u0142ugi obiektu na miejscu.<\/li><li>Dzieci do 3 lat korzystaj\u0105ce z dost\u0119pnego \u0142\u00f3\u017ceczka dzieci\u0119cego przyjmujemy bezp\u0142atnie.<\/li><li>Wi-Fi 300 Mb\/s jest dost\u0119pne w ca\u0142ym obiekcie i jest bezp\u0142atne.<\/li><li>Parking dla go\u015bci znajduje si\u0119 przy domu, pod tarasem.<\/li><li>Zwierz\u0119ta s\u0105 akceptowane.<\/li><li>Palenie jest dozwolone (z ograniczeniami).<\/li><\/ul><div>\u00a0<\/div><div><span style=\"text-decoration: underline;\"><a href=\"https:\/\/rincondemarinos.almunecar.fun\/?page_id=1168\">Regulamin pobytu<\/a><\/span><\/div><div>\u00a0<\/div><p><span style=\"text-decoration: underline;\"><a href=\"https:\/\/rincondemarinos.almunecar.fun\/?page_id=179\">Zarezerwuj teraz<\/a><\/span><\/p>\t\t\t\t\t\t\t\t<\/div>\n\t\t\t\t<\/div>\n\t\t\t\t\t<\/div>\n\t\t\t\t<\/div>\n\t\t\t\t<\/div>\n\t\t","protected":false},"excerpt":{"rendered":"<p>Zasady rezerwacji Rezerwacj\u0119 mo\u017cna odwo\u0142a\u0107 bezp\u0142atnie w ci\u0105gu 24 godzin od jej dokonania oraz do 3 tygodni przed przyjazdem. Przy rezerwacji wymagamy podania danych kontaktowych, w tym numeru telefonu a przed zameldowaniem, zgodnie z aktualnymi wymogami hiszpa\u0144skiego prawa, niezb\u0119dne jest przekazanie danych osobowych wszystkich go\u015bci. Przyjmujemy rezerwacje na pobyty d\u0142ugoterminowe na ponad 28 nocy: prosimy [&hellip;]<\/p>\n","protected":false},"author":1,"featured_media":0,"parent":0,"menu_order":0,"comment_status":"closed","ping_status":"closed","template":"","meta":{"footnotes":""},"class_list":["post-1135","page","type-page","status-publish","hentry"],"_links":{"self":[{"href":"https:\/\/rincondemarinos.almunecar.fun\/index.php?rest_route=\/wp\/v2\/pages\/1135","targetHints":{"allow":["GET"]}}],"collection":[{"href":"https:\/\/rincondemarinos.almunecar.fun\/index.php?rest_route=\/wp\/v2\/pages"}],"about":[{"href":"https:\/\/rincondemarinos.almunecar.fun\/index.php?rest_route=\/wp\/v2\/types\/page"}],"author":[{"embeddable":true,"href":"https:\/\/rincondemarinos.almunecar.fun\/index.php?rest_route=\/wp\/v2\/users\/1"}],"replies":[{"embeddable":true,"href":"https:\/\/rincondemarinos.almunecar.fun\/index.php?rest_route=%2Fwp%2Fv2%2Fcomments&post=1135"}],"version-history":[{"count":22,"href":"https:\/\/rincondemarinos.almunecar.fun\/index.php?rest_route=\/wp\/v2\/pages\/1135\/revisions"}],"predecessor-version":[{"id":1484,"href":"https:\/\/rincondemarinos.almunecar.fun\/index.php?rest_route=\/wp\/v2\/pages\/1135\/revisions\/1484"}],"wp:attachment":[{"href":"https:\/\/rincondemarinos.almunecar.fun\/index.php?rest_route=%2Fwp%2Fv2%2Fmedia&parent=1135"}],"curies":[{"name":"wp","href":"https:\/\/api.w.org\/{rel}","templated":true}]}}