{"id":1389,"date":"2025-09-23T17:01:07","date_gmt":"2025-09-23T15:01:07","guid":{"rendered":"https:\/\/rincondemarinos.almunecar.fun\/?page_id=1389"},"modified":"2025-09-23T18:28:06","modified_gmt":"2025-09-23T16:28:06","slug":"apartment","status":"publish","type":"page","link":"https:\/\/rincondemarinos.almunecar.fun\/?page_id=1389&lang=es","title":{"rendered":"Apartment &#8211; ES"},"content":{"rendered":"\t\t<div data-elementor-type=\"wp-page\" data-elementor-id=\"1389\" class=\"elementor elementor-1389\" data-elementor-post-type=\"page\">\n\t\t\t\t<div class=\"elementor-element elementor-element-68d015bb e-flex e-con-boxed e-con e-parent\" data-id=\"68d015bb\" data-element_type=\"container\" data-e-type=\"container\">\n\t\t\t\t\t<div class=\"e-con-inner\">\n\t\t\t\t<div class=\"elementor-element elementor-element-2f696a6 elementor-widget elementor-widget-image\" data-id=\"2f696a6\" data-element_type=\"widget\" data-e-type=\"widget\" data-widget_type=\"image.default\">\n\t\t\t\t<div class=\"elementor-widget-container\">\n\t\t\t\t\t\t\t\t\t\t\t\t<figure class=\"wp-caption\">\n\t\t\t\t\t\t\t\t\t\t<img fetchpriority=\"high\" decoding=\"async\" width=\"1891\" height=\"379\" src=\"https:\/\/rincondemarinos.almunecar.fun\/wp-content\/uploads\/2025\/05\/header.jpg\" class=\"attachment-full size-full wp-image-917\" alt=\"\" srcset=\"https:\/\/rincondemarinos.almunecar.fun\/wp-content\/uploads\/2025\/05\/header.jpg 1891w, https:\/\/rincondemarinos.almunecar.fun\/wp-content\/uploads\/2025\/05\/header-300x60.jpg 300w, https:\/\/rincondemarinos.almunecar.fun\/wp-content\/uploads\/2025\/05\/header-1024x205.jpg 1024w, https:\/\/rincondemarinos.almunecar.fun\/wp-content\/uploads\/2025\/05\/header-768x154.jpg 768w, https:\/\/rincondemarinos.almunecar.fun\/wp-content\/uploads\/2025\/05\/header-1536x308.jpg 1536w\" sizes=\"(max-width: 1891px) 100vw, 1891px\" \/>\t\t\t\t\t\t\t\t\t\t\t<figcaption class=\"widget-image-caption wp-caption-text\">Apartamento Rinc\u00f3n de Marinos, Almu\u00f1\u00e9car, Espa\u00f1a<\/figcaption>\n\t\t\t\t\t\t\t\t\t\t<\/figure>\n\t\t\t\t\t\t\t\t\t<\/div>\n\t\t\t\t<\/div>\n\t\t\t\t<div class=\"elementor-element elementor-element-196bb8a6 elementor-widget elementor-widget-text-editor\" data-id=\"196bb8a6\" data-element_type=\"widget\" data-e-type=\"widget\" data-widget_type=\"text-editor.default\">\n\t\t\t\t<div class=\"elementor-widget-container\">\n\t\t\t\t\t\t\t\t\t<p>Bienvenidos a nuestra casa de vacaciones, ubicada en el encantador pueblo costero de Almu\u00f1\u00e9car, capital de la Costa Tropical, la ciudad m\u00e1s antigua de Espa\u00f1a en el Mediterr\u00e1neo. Es el lugar perfecto para relajarse, disfrutar de hermosas vistas, la proximidad a las playas y la comodidad de un interior moderno.<\/p><p>Ofrecemos:<\/p><ul><li>Una espaciosa casa de 2 plantas de 70 m\u00b2, que puede acomodar c\u00f3modamente hasta 6 personas.<\/li><li>Dos dormitorios, uno con cama de matrimonio y otro con dos camas individuales.<\/li><li>Una sala de estar con sof\u00e1 cama y TV de pantalla plana.<\/li><li>Una cocina totalmente equipada, perfecta para preparar comidas.<\/li><li>Dos ba\u00f1os, uno con ba\u00f1era y bidet, segundo con ducha.<\/li><li>Dos terrazas y un balc\u00f3n con vistas a la ciudad, a la monta\u00f1a y al mar.<\/li><li>Wi-Fi gratuito (fibra 300Gb).<\/li><li>Aire acondicionado en todas las habitaciones.<\/li><li>Piscina compartida de temporada y precioso jard\u00edn dentro de la urbanizaci\u00f3n.<\/li><li>Plaza de parking gratuita.<\/li><\/ul><p><strong><br \/>Ubicaci\u00f3n: <\/strong>La casa se encuentra en una peque\u00f1a y tranquila urbanizaci\u00f3n cerrada de casas adosadas de estilo andaluz, a solo 5 minutos a pie de la playa. Encontrar\u00e1 cerca numerosos restaurantes, tiendas y atracciones tur\u00edsticas.<\/p><p>El complejo de la Alhambra de Granada, el monumento m\u00e1s visitado de Andaluc\u00eda, est\u00e1 a solo una hora en coche. El famoso Balc\u00f3n de Europa y las Cuevas de Nerja est\u00e1n a unos 23 km. Sierra Nevada, donde se puede esquiar hasta abril, est\u00e1 a una hora en coche.<\/p><p><a href=\"https:\/\/rincondemarinos.almunecar.fun\/?page_id=1426&amp;lang=es\"><strong>Acceso<\/strong><\/a>: M\u00e1laga es el aeropuerto m\u00e1s cercano, a 86 km (el tiempo de viaje desde el aeropuerto es de aproximadamente 1 hora).<\/p><p><a href=\"https:\/\/rincondemarinos.almunecar.fun\/?page_id=1394&amp;lang=es\"><strong>Reserva ahora<\/strong><\/a>\u00a1 y disfruta de una estancia inolvidable en el coraz\u00f3n de Andaluc\u00eda!<\/p><p><a href=\"https:\/\/rincondemarinos.almunecar.fun\/?page_id=1399&amp;lang=es\"><strong>Condiciones de reserva<\/strong><\/a><\/p><p><strong>Equipo<\/strong><\/p><ul><li>Refrigerador<\/li><li>Lavavajillas<\/li><li>Microondas<\/li><li>Placa de cocina<\/li><li>Horno<\/li><li>Lavadora<\/li><li>utensilios de cocina<\/li><li>Hervidor el\u00e9ctrico<\/li><li>Juego para preparar caf\u00e9 y t\u00e9<\/li><li>Televisor de pantalla plana, Android TV, Google TV, Digi TV<\/li><li>Wi-Fi300Gb fibra<\/li><li>Aire acondicionado\\calefacci\u00f3n<\/li><li>Toallas, toallas de playa<\/li><li>Parasol<\/li><li>Lino<\/li><li>Productos de limpieza\\cosm\u00e9ticos<\/li><li>Secador de pelo<\/li><li>Tabla de planchar<\/li><li>Hierro<\/li><li>Suelo de baldosas<\/li><li>Persianas<\/li><li>Un escritorio<\/li><li>Silla para ni\u00f1os<\/li><li>\u00c1rea de sal\u00f3n<\/li><li>\u00c1rea de comedor<\/li><li>sof\u00e1 cama<\/li><li>Armarios<\/li><li>Mesa de exterior<\/li><\/ul><p><!-- \/wp:envira\/envira-gallery --><\/p>\t\t\t\t\t\t\t\t<\/div>\n\t\t\t\t<\/div>\n\t\t\t\t<div class=\"elementor-element elementor-element-40a61e6 elementor-widget elementor-widget-gallery\" data-id=\"40a61e6\" data-element_type=\"widget\" data-e-type=\"widget\" data-settings=\"{&quot;gallery_layout&quot;:&quot;justified&quot;,&quot;gap&quot;:{&quot;unit&quot;:&quot;px&quot;,&quot;size&quot;:5,&quot;sizes&quot;:[]},&quot;overlay_title&quot;:&quot;title&quot;,&quot;image_hover_animation&quot;:&quot;grow&quot;,&quot;lazyload&quot;:&quot;yes&quot;,&quot;ideal_row_height&quot;:{&quot;unit&quot;:&quot;px&quot;,&quot;size&quot;:200,&quot;sizes&quot;:[]},&quot;ideal_row_height_tablet&quot;:{&quot;unit&quot;:&quot;px&quot;,&quot;size&quot;:150,&quot;sizes&quot;:[]},&quot;ideal_row_height_mobile&quot;:{&quot;unit&quot;:&quot;px&quot;,&quot;size&quot;:150,&quot;sizes&quot;:[]},&quot;gap_tablet&quot;:{&quot;unit&quot;:&quot;px&quot;,&quot;size&quot;:10,&quot;sizes&quot;:[]},&quot;gap_mobile&quot;:{&quot;unit&quot;:&quot;px&quot;,&quot;size&quot;:10,&quot;sizes&quot;:[]},&quot;link_to&quot;:&quot;file&quot;,&quot;overlay_background&quot;:&quot;yes&quot;,&quot;content_hover_animation&quot;:&quot;fade-in&quot;}\" data-widget_type=\"gallery.default\">\n\t\t\t\t<div class=\"elementor-widget-container\">\n\t\t\t\t\t\t\t<div class=\"elementor-gallery__container\">\n\t\t\t\t\t\t\t<a class=\"e-gallery-item elementor-gallery-item elementor-animated-content\" href=\"https:\/\/rincondemarinos.almunecar.fun\/wp-content\/uploads\/2025\/05\/taras-8-booking-scaled.jpg\" data-elementor-open-lightbox=\"yes\" data-elementor-lightbox-slideshow=\"40a61e6\" data-elementor-lightbox-title=\"terrace\" data-e-action-hash=\"#elementor-action%3Aaction%3Dlightbox%26settings%3DeyJpZCI6OTAyLCJ1cmwiOiJodHRwczpcL1wvcmluY29uZGVtYXJpbm9zLmFsbXVuZWNhci5mdW5cL3dwLWNvbnRlbnRcL3VwbG9hZHNcLzIwMjVcLzA1XC90YXJhcy04LWJvb2tpbmctc2NhbGVkLmpwZyIsInNsaWRlc2hvdyI6IjQwYTYxZTYifQ%3D%3D\">\n\t\t\t\t\t<div class=\"e-gallery-image elementor-gallery-item__image\" data-thumbnail=\"https:\/\/rincondemarinos.almunecar.fun\/wp-content\/uploads\/2025\/05\/taras-8-booking-300x225.jpg\" data-width=\"300\" data-height=\"225\" aria-label=\"\" role=\"img\" ><\/div>\n\t\t\t\t\t\t\t\t\t\t\t<div class=\"elementor-gallery-item__overlay\"><\/div>\n\t\t\t\t\t\t\t\t\t\t\t\t\t\t\t<div class=\"elementor-gallery-item__content\">\n\t\t\t\t\t\t\t\t\t\t\t\t\t\t<div class=\"elementor-gallery-item__title\">\n\t\t\t\t\t\t\t\t\t\t\t\t\t\t\t\t\t\tterrace\t\t\t\t\t\t\t\t<\/div>\n\t\t\t\t\t\t\t\t\t\t\t\t<\/div>\n\t\t\t\t\t\t\t\t\t<\/a>\n\t\t\t\t\t\t\t<a class=\"e-gallery-item elementor-gallery-item elementor-animated-content\" href=\"https:\/\/rincondemarinos.almunecar.fun\/wp-content\/uploads\/2025\/09\/taras-3-booking.jpg\" data-elementor-open-lightbox=\"yes\" data-elementor-lightbox-slideshow=\"40a61e6\" data-elementor-lightbox-title=\"terrace\" data-e-action-hash=\"#elementor-action%3Aaction%3Dlightbox%26settings%3DeyJpZCI6MTIyMSwidXJsIjoiaHR0cHM6XC9cL3JpbmNvbmRlbWFyaW5vcy5hbG11bmVjYXIuZnVuXC93cC1jb250ZW50XC91cGxvYWRzXC8yMDI1XC8wOVwvdGFyYXMtMy1ib29raW5nLmpwZyIsInNsaWRlc2hvdyI6IjQwYTYxZTYifQ%3D%3D\">\n\t\t\t\t\t<div class=\"e-gallery-image elementor-gallery-item__image\" data-thumbnail=\"https:\/\/rincondemarinos.almunecar.fun\/wp-content\/uploads\/2025\/09\/taras-3-booking-300x225.jpg\" data-width=\"300\" data-height=\"225\" aria-label=\"\" role=\"img\" ><\/div>\n\t\t\t\t\t\t\t\t\t\t\t<div class=\"elementor-gallery-item__overlay\"><\/div>\n\t\t\t\t\t\t\t\t\t\t\t\t\t\t\t<div class=\"elementor-gallery-item__content\">\n\t\t\t\t\t\t\t\t\t\t\t\t\t\t<div class=\"elementor-gallery-item__title\">\n\t\t\t\t\t\t\t\t\t\t\t\t\t\t\t\t\t\tterrace\t\t\t\t\t\t\t\t<\/div>\n\t\t\t\t\t\t\t\t\t\t\t\t<\/div>\n\t\t\t\t\t\t\t\t\t<\/a>\n\t\t\t\t\t\t\t<a class=\"e-gallery-item elementor-gallery-item elementor-animated-content\" href=\"https:\/\/rincondemarinos.almunecar.fun\/wp-content\/uploads\/2025\/05\/salon-3-booking-scaled.jpg\" data-elementor-open-lightbox=\"yes\" data-elementor-lightbox-slideshow=\"40a61e6\" data-elementor-lightbox-title=\"living room\" data-e-action-hash=\"#elementor-action%3Aaction%3Dlightbox%26settings%3DeyJpZCI6ODkzLCJ1cmwiOiJodHRwczpcL1wvcmluY29uZGVtYXJpbm9zLmFsbXVuZWNhci5mdW5cL3dwLWNvbnRlbnRcL3VwbG9hZHNcLzIwMjVcLzA1XC9zYWxvbi0zLWJvb2tpbmctc2NhbGVkLmpwZyIsInNsaWRlc2hvdyI6IjQwYTYxZTYifQ%3D%3D\">\n\t\t\t\t\t<div class=\"e-gallery-image elementor-gallery-item__image\" data-thumbnail=\"https:\/\/rincondemarinos.almunecar.fun\/wp-content\/uploads\/2025\/05\/salon-3-booking-300x225.jpg\" data-width=\"300\" data-height=\"225\" aria-label=\"\" role=\"img\" ><\/div>\n\t\t\t\t\t\t\t\t\t\t\t<div class=\"elementor-gallery-item__overlay\"><\/div>\n\t\t\t\t\t\t\t\t\t\t\t\t\t\t\t<div class=\"elementor-gallery-item__content\">\n\t\t\t\t\t\t\t\t\t\t\t\t\t\t<div class=\"elementor-gallery-item__title\">\n\t\t\t\t\t\t\t\t\t\t\t\t\t\t\t\t\t\tliving room\t\t\t\t\t\t\t\t<\/div>\n\t\t\t\t\t\t\t\t\t\t\t\t<\/div>\n\t\t\t\t\t\t\t\t\t<\/a>\n\t\t\t\t\t\t\t<a class=\"e-gallery-item elementor-gallery-item elementor-animated-content\" href=\"https:\/\/rincondemarinos.almunecar.fun\/wp-content\/uploads\/2025\/05\/salon-5-scaled.jpg\" data-elementor-open-lightbox=\"yes\" data-elementor-lightbox-slideshow=\"40a61e6\" data-elementor-lightbox-title=\"living room\" data-e-action-hash=\"#elementor-action%3Aaction%3Dlightbox%26settings%3DeyJpZCI6ODk1LCJ1cmwiOiJodHRwczpcL1wvcmluY29uZGVtYXJpbm9zLmFsbXVuZWNhci5mdW5cL3dwLWNvbnRlbnRcL3VwbG9hZHNcLzIwMjVcLzA1XC9zYWxvbi01LXNjYWxlZC5qcGciLCJzbGlkZXNob3ciOiI0MGE2MWU2In0%3D\">\n\t\t\t\t\t<div class=\"e-gallery-image elementor-gallery-item__image\" data-thumbnail=\"https:\/\/rincondemarinos.almunecar.fun\/wp-content\/uploads\/2025\/05\/salon-5-300x225.jpg\" data-width=\"300\" data-height=\"225\" aria-label=\"\" role=\"img\" ><\/div>\n\t\t\t\t\t\t\t\t\t\t\t<div class=\"elementor-gallery-item__overlay\"><\/div>\n\t\t\t\t\t\t\t\t\t\t\t\t\t\t\t<div class=\"elementor-gallery-item__content\">\n\t\t\t\t\t\t\t\t\t\t\t\t\t\t<div class=\"elementor-gallery-item__title\">\n\t\t\t\t\t\t\t\t\t\t\t\t\t\t\t\t\t\tliving room\t\t\t\t\t\t\t\t<\/div>\n\t\t\t\t\t\t\t\t\t\t\t\t<\/div>\n\t\t\t\t\t\t\t\t\t<\/a>\n\t\t\t\t\t\t\t<a class=\"e-gallery-item elementor-gallery-item elementor-animated-content\" href=\"https:\/\/rincondemarinos.almunecar.fun\/wp-content\/uploads\/2025\/09\/salon12.jpg\" data-elementor-open-lightbox=\"yes\" data-elementor-lightbox-slideshow=\"40a61e6\" data-elementor-lightbox-title=\"living room\" data-e-action-hash=\"#elementor-action%3Aaction%3Dlightbox%26settings%3DeyJpZCI6MTIyMCwidXJsIjoiaHR0cHM6XC9cL3JpbmNvbmRlbWFyaW5vcy5hbG11bmVjYXIuZnVuXC93cC1jb250ZW50XC91cGxvYWRzXC8yMDI1XC8wOVwvc2Fsb24xMi5qcGciLCJzbGlkZXNob3ciOiI0MGE2MWU2In0%3D\">\n\t\t\t\t\t<div class=\"e-gallery-image elementor-gallery-item__image\" data-thumbnail=\"https:\/\/rincondemarinos.almunecar.fun\/wp-content\/uploads\/2025\/09\/salon12-300x225.jpg\" data-width=\"300\" data-height=\"225\" aria-label=\"\" role=\"img\" ><\/div>\n\t\t\t\t\t\t\t\t\t\t\t<div class=\"elementor-gallery-item__overlay\"><\/div>\n\t\t\t\t\t\t\t\t\t\t\t\t\t\t\t<div class=\"elementor-gallery-item__content\">\n\t\t\t\t\t\t\t\t\t\t\t\t\t\t<div class=\"elementor-gallery-item__title\">\n\t\t\t\t\t\t\t\t\t\t\t\t\t\t\t\t\t\tliving room\t\t\t\t\t\t\t\t<\/div>\n\t\t\t\t\t\t\t\t\t\t\t\t<\/div>\n\t\t\t\t\t\t\t\t\t<\/a>\n\t\t\t\t\t\t\t<a class=\"e-gallery-item elementor-gallery-item elementor-animated-content\" href=\"https:\/\/rincondemarinos.almunecar.fun\/wp-content\/uploads\/2025\/05\/kuchnia-2-booking-scaled.jpg\" data-elementor-open-lightbox=\"yes\" data-elementor-lightbox-slideshow=\"40a61e6\" data-elementor-lightbox-title=\"kitchen\" data-e-action-hash=\"#elementor-action%3Aaction%3Dlightbox%26settings%3DeyJpZCI6ODkxLCJ1cmwiOiJodHRwczpcL1wvcmluY29uZGVtYXJpbm9zLmFsbXVuZWNhci5mdW5cL3dwLWNvbnRlbnRcL3VwbG9hZHNcLzIwMjVcLzA1XC9rdWNobmlhLTItYm9va2luZy1zY2FsZWQuanBnIiwic2xpZGVzaG93IjoiNDBhNjFlNiJ9\">\n\t\t\t\t\t<div class=\"e-gallery-image elementor-gallery-item__image\" data-thumbnail=\"https:\/\/rincondemarinos.almunecar.fun\/wp-content\/uploads\/2025\/05\/kuchnia-2-booking-300x225.jpg\" data-width=\"300\" data-height=\"225\" aria-label=\"\" role=\"img\" ><\/div>\n\t\t\t\t\t\t\t\t\t\t\t<div class=\"elementor-gallery-item__overlay\"><\/div>\n\t\t\t\t\t\t\t\t\t\t\t\t\t\t\t<div class=\"elementor-gallery-item__content\">\n\t\t\t\t\t\t\t\t\t\t\t\t\t\t<div class=\"elementor-gallery-item__title\">\n\t\t\t\t\t\t\t\t\t\t\t\t\t\t\t\t\t\tkitchen\t\t\t\t\t\t\t\t<\/div>\n\t\t\t\t\t\t\t\t\t\t\t\t<\/div>\n\t\t\t\t\t\t\t\t\t<\/a>\n\t\t\t\t\t\t\t<a class=\"e-gallery-item elementor-gallery-item elementor-animated-content\" href=\"https:\/\/rincondemarinos.almunecar.fun\/wp-content\/uploads\/2025\/05\/BOO2309-1.jpg\" data-elementor-open-lightbox=\"yes\" data-elementor-lightbox-slideshow=\"40a61e6\" data-elementor-lightbox-title=\"bedroom 1\" data-e-action-hash=\"#elementor-action%3Aaction%3Dlightbox%26settings%3DeyJpZCI6MTI2LCJ1cmwiOiJodHRwczpcL1wvcmluY29uZGVtYXJpbm9zLmFsbXVuZWNhci5mdW5cL3dwLWNvbnRlbnRcL3VwbG9hZHNcLzIwMjVcLzA1XC9CT08yMzA5LTEuanBnIiwic2xpZGVzaG93IjoiNDBhNjFlNiJ9\">\n\t\t\t\t\t<div class=\"e-gallery-image elementor-gallery-item__image\" data-thumbnail=\"https:\/\/rincondemarinos.almunecar.fun\/wp-content\/uploads\/2025\/05\/BOO2309-1-200x300.jpg\" data-width=\"200\" data-height=\"300\" aria-label=\"\" role=\"img\" ><\/div>\n\t\t\t\t\t\t\t\t\t\t\t<div class=\"elementor-gallery-item__overlay\"><\/div>\n\t\t\t\t\t\t\t\t\t\t\t\t\t\t\t<div class=\"elementor-gallery-item__content\">\n\t\t\t\t\t\t\t\t\t\t\t\t\t\t<div class=\"elementor-gallery-item__title\">\n\t\t\t\t\t\t\t\t\t\t\t\t\t\t\t\t\t\tbedroom 1\t\t\t\t\t\t\t\t<\/div>\n\t\t\t\t\t\t\t\t\t\t\t\t<\/div>\n\t\t\t\t\t\t\t\t\t<\/a>\n\t\t\t\t\t\t\t<a class=\"e-gallery-item elementor-gallery-item elementor-animated-content\" href=\"https:\/\/rincondemarinos.almunecar.fun\/wp-content\/uploads\/2025\/05\/BOO2297-1.jpg\" data-elementor-open-lightbox=\"yes\" data-elementor-lightbox-slideshow=\"40a61e6\" data-elementor-lightbox-title=\"bedroom 2\" data-e-action-hash=\"#elementor-action%3Aaction%3Dlightbox%26settings%3DeyJpZCI6MTE3LCJ1cmwiOiJodHRwczpcL1wvcmluY29uZGVtYXJpbm9zLmFsbXVuZWNhci5mdW5cL3dwLWNvbnRlbnRcL3VwbG9hZHNcLzIwMjVcLzA1XC9CT08yMjk3LTEuanBnIiwic2xpZGVzaG93IjoiNDBhNjFlNiJ9\">\n\t\t\t\t\t<div class=\"e-gallery-image elementor-gallery-item__image\" data-thumbnail=\"https:\/\/rincondemarinos.almunecar.fun\/wp-content\/uploads\/2025\/05\/BOO2297-1-200x300.jpg\" data-width=\"200\" data-height=\"300\" aria-label=\"\" role=\"img\" ><\/div>\n\t\t\t\t\t\t\t\t\t\t\t<div class=\"elementor-gallery-item__overlay\"><\/div>\n\t\t\t\t\t\t\t\t\t\t\t\t\t\t\t<div class=\"elementor-gallery-item__content\">\n\t\t\t\t\t\t\t\t\t\t\t\t\t\t<div class=\"elementor-gallery-item__title\">\n\t\t\t\t\t\t\t\t\t\t\t\t\t\t\t\t\t\tbedroom 2\t\t\t\t\t\t\t\t<\/div>\n\t\t\t\t\t\t\t\t\t\t\t\t<\/div>\n\t\t\t\t\t\t\t\t\t<\/a>\n\t\t\t\t\t\t\t<a class=\"e-gallery-item elementor-gallery-item elementor-animated-content\" href=\"https:\/\/rincondemarinos.almunecar.fun\/wp-content\/uploads\/2025\/05\/BOO2287-1.jpg\" data-elementor-open-lightbox=\"yes\" data-elementor-lightbox-slideshow=\"40a61e6\" data-elementor-lightbox-title=\"bathroom 1\" data-e-action-hash=\"#elementor-action%3Aaction%3Dlightbox%26settings%3DeyJpZCI6MTEwLCJ1cmwiOiJodHRwczpcL1wvcmluY29uZGVtYXJpbm9zLmFsbXVuZWNhci5mdW5cL3dwLWNvbnRlbnRcL3VwbG9hZHNcLzIwMjVcLzA1XC9CT08yMjg3LTEuanBnIiwic2xpZGVzaG93IjoiNDBhNjFlNiJ9\">\n\t\t\t\t\t<div class=\"e-gallery-image elementor-gallery-item__image\" data-thumbnail=\"https:\/\/rincondemarinos.almunecar.fun\/wp-content\/uploads\/2025\/05\/BOO2287-1-200x300.jpg\" data-width=\"200\" data-height=\"300\" aria-label=\"\" role=\"img\" ><\/div>\n\t\t\t\t\t\t\t\t\t\t\t<div class=\"elementor-gallery-item__overlay\"><\/div>\n\t\t\t\t\t\t\t\t\t\t\t\t\t\t\t<div class=\"elementor-gallery-item__content\">\n\t\t\t\t\t\t\t\t\t\t\t\t\t\t<div class=\"elementor-gallery-item__title\">\n\t\t\t\t\t\t\t\t\t\t\t\t\t\t\t\t\t\tbathroom 1\t\t\t\t\t\t\t\t<\/div>\n\t\t\t\t\t\t\t\t\t\t\t\t<\/div>\n\t\t\t\t\t\t\t\t\t<\/a>\n\t\t\t\t\t\t\t<a class=\"e-gallery-item elementor-gallery-item elementor-animated-content\" href=\"https:\/\/rincondemarinos.almunecar.fun\/wp-content\/uploads\/2025\/05\/BOO2311-scaled.jpg\" data-elementor-open-lightbox=\"yes\" data-elementor-lightbox-slideshow=\"40a61e6\" data-elementor-lightbox-title=\"bathroom 2\" data-e-action-hash=\"#elementor-action%3Aaction%3Dlightbox%26settings%3DeyJpZCI6NzAsInVybCI6Imh0dHBzOlwvXC9yaW5jb25kZW1hcmlub3MuYWxtdW5lY2FyLmZ1blwvd3AtY29udGVudFwvdXBsb2Fkc1wvMjAyNVwvMDVcL0JPTzIzMTEtc2NhbGVkLmpwZyIsInNsaWRlc2hvdyI6IjQwYTYxZTYifQ%3D%3D\">\n\t\t\t\t\t<div class=\"e-gallery-image elementor-gallery-item__image\" data-thumbnail=\"https:\/\/rincondemarinos.almunecar.fun\/wp-content\/uploads\/2025\/05\/BOO2311-200x300.jpg\" data-width=\"200\" data-height=\"300\" aria-label=\"\" role=\"img\" ><\/div>\n\t\t\t\t\t\t\t\t\t\t\t<div class=\"elementor-gallery-item__overlay\"><\/div>\n\t\t\t\t\t\t\t\t\t\t\t\t\t\t\t<div class=\"elementor-gallery-item__content\">\n\t\t\t\t\t\t\t\t\t\t\t\t\t\t<div class=\"elementor-gallery-item__title\">\n\t\t\t\t\t\t\t\t\t\t\t\t\t\t\t\t\t\tbathroom 2\t\t\t\t\t\t\t\t<\/div>\n\t\t\t\t\t\t\t\t\t\t\t\t<\/div>\n\t\t\t\t\t\t\t\t\t<\/a>\n\t\t\t\t\t\t\t<a class=\"e-gallery-item elementor-gallery-item elementor-animated-content\" href=\"https:\/\/rincondemarinos.almunecar.fun\/wp-content\/uploads\/2025\/05\/dom-2-booking-scaled.jpg\" data-elementor-open-lightbox=\"yes\" data-elementor-lightbox-slideshow=\"40a61e6\" data-elementor-lightbox-title=\"entrance\" data-e-action-hash=\"#elementor-action%3Aaction%3Dlightbox%26settings%3DeyJpZCI6ODkwLCJ1cmwiOiJodHRwczpcL1wvcmluY29uZGVtYXJpbm9zLmFsbXVuZWNhci5mdW5cL3dwLWNvbnRlbnRcL3VwbG9hZHNcLzIwMjVcLzA1XC9kb20tMi1ib29raW5nLXNjYWxlZC5qcGciLCJzbGlkZXNob3ciOiI0MGE2MWU2In0%3D\">\n\t\t\t\t\t<div class=\"e-gallery-image elementor-gallery-item__image\" data-thumbnail=\"https:\/\/rincondemarinos.almunecar.fun\/wp-content\/uploads\/2025\/05\/dom-2-booking-300x225.jpg\" data-width=\"300\" data-height=\"225\" aria-label=\"\" role=\"img\" ><\/div>\n\t\t\t\t\t\t\t\t\t\t\t<div class=\"elementor-gallery-item__overlay\"><\/div>\n\t\t\t\t\t\t\t\t\t\t\t\t\t\t\t<div class=\"elementor-gallery-item__content\">\n\t\t\t\t\t\t\t\t\t\t\t\t\t\t<div class=\"elementor-gallery-item__title\">\n\t\t\t\t\t\t\t\t\t\t\t\t\t\t\t\t\t\tentrance\t\t\t\t\t\t\t\t<\/div>\n\t\t\t\t\t\t\t\t\t\t\t\t<\/div>\n\t\t\t\t\t\t\t\t\t<\/a>\n\t\t\t\t\t\t\t<a class=\"e-gallery-item elementor-gallery-item elementor-animated-content\" href=\"https:\/\/rincondemarinos.almunecar.fun\/wp-content\/uploads\/2025\/09\/parking.jpg\" data-elementor-open-lightbox=\"yes\" data-elementor-lightbox-slideshow=\"40a61e6\" data-elementor-lightbox-title=\"parking place\" data-e-action-hash=\"#elementor-action%3Aaction%3Dlightbox%26settings%3DeyJpZCI6MTIyMiwidXJsIjoiaHR0cHM6XC9cL3JpbmNvbmRlbWFyaW5vcy5hbG11bmVjYXIuZnVuXC93cC1jb250ZW50XC91cGxvYWRzXC8yMDI1XC8wOVwvcGFya2luZy5qcGciLCJzbGlkZXNob3ciOiI0MGE2MWU2In0%3D\">\n\t\t\t\t\t<div class=\"e-gallery-image elementor-gallery-item__image\" data-thumbnail=\"https:\/\/rincondemarinos.almunecar.fun\/wp-content\/uploads\/2025\/09\/parking-225x300.jpg\" data-width=\"225\" data-height=\"300\" aria-label=\"parking\" role=\"img\" ><\/div>\n\t\t\t\t\t\t\t\t\t\t\t<div class=\"elementor-gallery-item__overlay\"><\/div>\n\t\t\t\t\t\t\t\t\t\t\t\t\t\t\t<div class=\"elementor-gallery-item__content\">\n\t\t\t\t\t\t\t\t\t\t\t\t\t\t<div class=\"elementor-gallery-item__title\">\n\t\t\t\t\t\t\t\t\t\t\t\t\t\t\t\t\t\tparking place\t\t\t\t\t\t\t\t<\/div>\n\t\t\t\t\t\t\t\t\t\t\t\t<\/div>\n\t\t\t\t\t\t\t\t\t<\/a>\n\t\t\t\t\t\t\t<a class=\"e-gallery-item elementor-gallery-item elementor-animated-content\" href=\"https:\/\/rincondemarinos.almunecar.fun\/wp-content\/uploads\/2025\/05\/basen-13.jpg\" data-elementor-open-lightbox=\"yes\" data-elementor-lightbox-slideshow=\"40a61e6\" data-elementor-lightbox-title=\"swiming pool\" data-e-action-hash=\"#elementor-action%3Aaction%3Dlightbox%26settings%3DeyJpZCI6ODg5LCJ1cmwiOiJodHRwczpcL1wvcmluY29uZGVtYXJpbm9zLmFsbXVuZWNhci5mdW5cL3dwLWNvbnRlbnRcL3VwbG9hZHNcLzIwMjVcLzA1XC9iYXNlbi0xMy5qcGciLCJzbGlkZXNob3ciOiI0MGE2MWU2In0%3D\">\n\t\t\t\t\t<div class=\"e-gallery-image elementor-gallery-item__image\" data-thumbnail=\"https:\/\/rincondemarinos.almunecar.fun\/wp-content\/uploads\/2025\/05\/basen-13-300x214.jpg\" data-width=\"300\" data-height=\"214\" aria-label=\"\" role=\"img\" ><\/div>\n\t\t\t\t\t\t\t\t\t\t\t<div class=\"elementor-gallery-item__overlay\"><\/div>\n\t\t\t\t\t\t\t\t\t\t\t\t\t\t\t<div class=\"elementor-gallery-item__content\">\n\t\t\t\t\t\t\t\t\t\t\t\t\t\t<div class=\"elementor-gallery-item__title\">\n\t\t\t\t\t\t\t\t\t\t\t\t\t\t\t\t\t\tswiming pool\t\t\t\t\t\t\t\t<\/div>\n\t\t\t\t\t\t\t\t\t\t\t\t<\/div>\n\t\t\t\t\t\t\t\t\t<\/a>\n\t\t\t\t\t<\/div>\n\t\t\t\t\t<\/div>\n\t\t\t\t<\/div>\n\t\t\t\t\t<\/div>\n\t\t\t\t<\/div>\n\t\t\t\t<\/div>\n\t\t","protected":false},"excerpt":{"rendered":"<p>Apartamento Rinc\u00f3n de Marinos, Almu\u00f1\u00e9car, Espa\u00f1a Bienvenidos a nuestra casa de vacaciones, ubicada en el encantador pueblo costero de Almu\u00f1\u00e9car, capital de la Costa Tropical, la ciudad m\u00e1s antigua de Espa\u00f1a en el Mediterr\u00e1neo. Es el lugar perfecto para relajarse, disfrutar de hermosas vistas, la proximidad a las playas y la comodidad de un interior [&hellip;]<\/p>\n","protected":false},"author":1,"featured_media":162,"parent":0,"menu_order":0,"comment_status":"closed","ping_status":"closed","template":"","meta":{"footnotes":""},"class_list":["post-1389","page","type-page","status-publish","has-post-thumbnail","hentry"],"_links":{"self":[{"href":"https:\/\/rincondemarinos.almunecar.fun\/index.php?rest_route=\/wp\/v2\/pages\/1389","targetHints":{"allow":["GET"]}}],"collection":[{"href":"https:\/\/rincondemarinos.almunecar.fun\/index.php?rest_route=\/wp\/v2\/pages"}],"about":[{"href":"https:\/\/rincondemarinos.almunecar.fun\/index.php?rest_route=\/wp\/v2\/types\/page"}],"author":[{"embeddable":true,"href":"https:\/\/rincondemarinos.almunecar.fun\/index.php?rest_route=\/wp\/v2\/users\/1"}],"replies":[{"embeddable":true,"href":"https:\/\/rincondemarinos.almunecar.fun\/index.php?rest_route=%2Fwp%2Fv2%2Fcomments&post=1389"}],"version-history":[{"count":20,"href":"https:\/\/rincondemarinos.almunecar.fun\/index.php?rest_route=\/wp\/v2\/pages\/1389\/revisions"}],"predecessor-version":[{"id":1482,"href":"https:\/\/rincondemarinos.almunecar.fun\/index.php?rest_route=\/wp\/v2\/pages\/1389\/revisions\/1482"}],"wp:featuredmedia":[{"embeddable":true,"href":"https:\/\/rincondemarinos.almunecar.fun\/index.php?rest_route=\/wp\/v2\/media\/162"}],"wp:attachment":[{"href":"https:\/\/rincondemarinos.almunecar.fun\/index.php?rest_route=%2Fwp%2Fv2%2Fmedia&parent=1389"}],"curies":[{"name":"wp","href":"https:\/\/api.w.org\/{rel}","templated":true}]}}